.
-8
Let n(b) = -b**2 + b + 8. Let a(s) = 25*s + 75. Let t be a(-3). Calculate n(t).
8
Suppose 8*o + 528 = -3*o. Let r be (o/28)/(-6)*-7. Let j(y) = 3*y**2 + 2*y - 2. What is j(r)?
6
Let v(j) = j**2 - 23*j + 98. Let n be v(18). Let f(a) = a**3 - 9*a**2 + a - 8. Calculate f(n).
-64
Let t(d) = 8*d**3 - 27*d**2 + 16*d - 2. Let w(y) = 3*y**3 - 9*y**2 + 8*y - 1. Let o(l) = -2*t(l) + 5*w(l). Calculate o(10).
-21
Suppose -5*a + 4*a = -5*y - 25, 4*y + 4*a - 4 = 0. Let x(i) = 5*i + 3. Let c be x(y). Let v(t) = t + 16. Give v(c).
-1
Let m be 30*(-2)/3*(-2)/8. Suppose 3 = -3*r - m*o, -2*r + o - 5 = -4*r. Let a(y) = r - 5 + 21*y - 17*y. What is a(2)?
7
Let m(f) = f + 11. Let u(g) = -g**2 + 36*g + 79. Let l(k) = 14*m(k) - 2*u(k). What is l(29)?
-4
Let i(j) = 7*j**2 - 2*j - 4. Let m(w) = -15*w**2 + 5*w + 8. Let g(z) = 13*i(z) + 6*m(z). Suppose 46 = 13*b + 111. Give g(b).
1
Let m(j) = -16*j**2 + 16*j - 2. Let x(w) = -21*w**2 + 15*w - 4. Let v(g) = 4*m(g) - 3*x(g). Calculate v(8).
92
Let m(y) = -5*y**2 + 40*y + 888. Let o be m(18). Let h(k) = 4*k + 48. Determine h(o).
0
Let z(t) = -7*t - 28. Let f be z(-4). Suppose f = r + 4*d + 2, 1 = r - d - 7. Let m(a) = -a + 10. Give m(r).
4
Let u(b) = -41*b + 330. Let o be u(8). Let j(x) = 4*x - 1. What is j(o)?
7
Let w(i) = -i**2 - 2*i - 10. Let b(u) = 2*u**2 + 78*u + 448. Let q be b(-7). Give w(q).
-10
Let g(t) be the third derivative of t**5/60 - t**4/3 - 8*t**3/3 - 434*t**2 + t. Suppose 98 = 7*y + 28. What is g(y)?
4
Let l(j) = 3*j**3 - j**2 + 3*j - 23. Let s(d) = -534*d + 1602. Let i be s(3). Calculate l(i).
-23
Let x(a) = -3*a**2 + 20*a - 3. Suppose -93*v = -186 - 558. Give x(v).
-35
Let t(u) be the first derivative of -u**3/3 - 5*u**2 + 12*u - 1. Let w(b) = -59*b + 50. Let p be w(-9). Let f = 570 - p. Determine t(f).
1
Let v(i) = i**3 + 10*i**2 + 8*i - 2. Suppose -4*q = -7*q + 228. Let p = q - 58. Suppose -2*d - 9 = 3*h, -3*d - p = 5*h - 2*h. Calculate v(d).
7
Let w(a) = 2*a - 10. Suppose -5*q = 3*b + 340, -5*b - 503 = -3*q + 109. Let v be (b/(-36))/(1/3). What is w(v)?
10
Suppose -3*b - 5*u - 1336 + 1349 = 0, 2*b + 8 = 5*u. Let w(p) = -p**2 - 4*p + 3. Determine w(b).
-2
Let q(m) = m - 11. Let r be 4/(4/(-3))*(-100)/(-15). Let h = r + 20. Suppose 3*n + i - 33 = -3*i, h = -3*i + 9. Give q(n).
-4
Let p(h) = -h**3 - 2*h**2 + 4*h - 2. Suppose -59 = 53*d + 153. Give p(d).
14
Let q(h) = h**2 - 3*h - 3. Suppose -13*d + 3335 = 16*d. Suppose -27*c = -d - 20. Give q(c).
7
Let h(g) = g**3 - 3*g**2 - 8*g - 15. Suppose -2*i = m - 7, 4*i = 586 - 582. What is h(m)?
-5
Let d(r) = 5*r + 32. Let s(n) = 3*n - 9 + 0*n + 30. Let k(l) = -5*d(l) + 8*s(l). Suppose -33*w = -21*w - 120. What is k(w)?
-2
Let l(p) = 4*p**3 + 5*p - 7. Let s be 22/54*3 + (-130)/585. Calculate l(s).
2
Let r = 5598 - 2778. Let d(h) = -1409 - 1412 + r - h. Suppose -6 = -5*b + z, -2*b + z = 2*b - 4. Determine d(b).
-3
Let k(b) be the second derivative of 5*b + 1/2*b**2 + 0 + 1/6*b**3 - 1/12*b**4 - 1/10*b**5. Let y = 136 + -134. Calculate k(y).
-17
Let i(d) = d**3 + 4*d**2 - 7*d - 2. Let l = -88 + 94. Let k be l/15 + 54/10*-1. What is i(k)?
8
Let d(w) = w - 10. Let q(l) = 3*l**2 + 20*l + 35. Let y be q(-3). Suppose y*m - 30 = -4*m. What is d(m)?
-5
Let s be (20/(-15))/((-14)/1197). Let j(b) = -37*b**3 - 4 - 41*b**3 + s*b**3 + 0 - 5*b**2 - 37*b**3 + b. Suppose u + 6 = 1. Give j(u).
-9
Let v(s) be the third derivative of s**5/20 + 7*s**4/3 + 11*s**3/2 - s**2 - 1935. What is v(-18)?
-3
Suppose 2 = 9*q - 8*q. Suppose 12 = 4*s - q*n - 2, 0 = 3*s + n - 13. Let x(p) = -1 + 4 - 35*p + 28*p - p**2 - s. Give x(-3).
11
Let w(o) = -291*o - 10 + 589*o - 5*o**2 - 284*o. Let n(f) = 11*f**2 - 29*f + 21. Let h(r) = -4*n(r) - 9*w(r). Give h(8).
-10
Let v(u) = -4*u**2 - 2*u + 5. Let y = -3589 + 3586. What is v(y)?
-25
Suppose -34*c - 112 + 146 = 0. Let m(l) be the third derivative of -l**6/20 + l**5/60 - l**4/12 + l**3/6 + 17*l**2. Give m(c).
-6
Let q = -2687 - -2687. Let t(d) = -d**3 - 7*d + 7. Determine t(q).
7
Let u(j) = -j**3 + 4*j - 482*j**2 + 501*j**2 - 6*j + 34. Give u(19).
-4
Suppose -290 = 27*z - 233 + 267. Let y(p) = 6*p + 75. Give y(z).
3
Let y(l) = 0*l + l**2 - 3*l**3 + 2 - 3 + 2*l. Suppose 5*d - 3*d = -h + 20, 4*d + 4*h - 48 = 0. Suppose 3*x = -j - 10, 5*x + 12 = 4*j - d*j. What is y(j)?
-17
Let r(z) = -z**3 + 2*z**2 - z. Suppose 5*t + g - 217 = 0, -t - 5*g + 161 = 3*t. Suppose -x + 26 - 4 = 2*b, 3*x + t = 5*b. Suppose b*m + m = 11. What is r(m)?
0
Let u be (5 + -6)*(-13 + -1). Let j be (u + -4)/(4 + -2). Let z(w) = w**2 - 5*w. Calculate z(j).
0
Let m(r) be the second derivative of -r**3/6 + r**2/2 + 5264*r. Determine m(-26).
27
Let t(p) = 2*p + 12. Let h(q) = -1. Let x(n) = -6*h(n) - 2*t(n). Let j(o) = -221*o + 8613. Let z be j(39). Determine x(z).
6
Let f be ((-8)/(-10))/(2/5). Let q = -6 + f. Let h(j) be the second derivative of -j**5/20 - j**4/4 + j**3/3 - 5*j**2/2 + 1470*j. What is h(q)?
3
Let t(c) be the first derivative of c**4/4 + 8*c**3/3 - 19*c**2/2 + 23*c + 3120. Give t(-10).
13
Let y = 19 - 11. Let j(m) be the third derivative of 0 + 4/3*m**3 - 3/8*m**4 - 4*m + 1/60*m**5 - m**2. Calculate j(y).
0
Let h(c) be the first derivative of 3*c**2 + 23*c + 7656. Calculate h(-4).
-1
Let k(b) be the second derivative of b**4/6 - 10*b**3/3 + 37*b**2/2 - b - 96. Let z be k(7). Let v(q) = 0*q**2 + q**2 + 4*q + 8 - 3. Calculate v(z).
10
Suppose -13*x - t = -17*x - 34, 5*x + 5*t = -80. Let o(h) = h**2 + 8*h + 6. Determine o(x).
26
Suppose -4*s = 2*s + 210. Let v be 5 + 168/s + 178/10. Suppose y + 5*k - v = 0, -4*y + k = 5*k - 8. Let m(p) = 3*p - 1. Calculate m(y).
-7
Let u(f) be the third derivative of f**5/60 - 5*f**4/8 - 9*f**3 - 4*f**2 - 20. Determine u(18).
0
Let j(n) = -n + 1. Let f(w) = 2*w**2 - 7*w + 2. Let u(b) = f(b) - 6*j(b). Let m be u(2). Let x(y) = m*y - 4 + 2 + 2. Give x(1).
2
Let y(i) be the first derivative of -3*i**2/2 - i + 1. Let t(q) = -4*q + 47. Let m be t(13). Let n be -3 + (-3 - m) + -5. Give y(n).
17
Let r(m) = 2*m**3 - 3*m**2 - 4*m + 3. Let f(t) = 4*t + 66. Let h be f(-15). Suppose 3*c + 11 = -4*i, -h*i + 5*i = -4*c + 17. Give r(c).
18
Let v be ((-116)/10 + 12 - (-184)/(-60))*-24. Let c(y) = y**2 - 53*y - 700. Give c(v).
4
Let n(o) = -2*o**2 + 14*o + 2. Suppose -75*j + 1704 = -79*j. Let a = 433 + j. Calculate n(a).
2
Suppose 2*m - 41 = -49. Let s(d) = d**2 + 9*d + 18. Let t be s(m). Let q(f) = -3*f**2 - f - 1. What is q(t)?
-11
Let r(y) = -15*y**2 - 179*y - 129. Let f(q) = -3*q**2 - 36*q - 26. Let p(x) = -11*f(x) + 2*r(x). Give p(-12).
4
Let p(q) = 235*q**2 + 10*q. Let v(g) = -168*g**2 - 7*g. Let x(r) = 5*p(r) + 7*v(r). Calculate x(-2).
-6
Let w(u) = -15*u + 9. Let r = -4055 - -4061. What is w(r)?
-81
Let d(y) = -2*y**2 - 125*y - 1713. Let w be d(-42). Let g(x) be the second derivative of -x**5/10 + 17*x**4/12 + 5*x**3/3 - 5*x**2/2 + 5*x. Calculate g(w).
4
Let c(p) = -18*p + 964. Let o(b) = -19*b + 1093. Let a(v) = 7*c(v) - 6*o(v). Give a(16).
-2
Let w(k) = 10499*k**2 + 17 - 10500*k**2 - k**3 + 2*k + 0*k. Determine w(0).
17
Let p(h) = -h**3 + h**2 + h. Let z(v) = 3*v**3 - 10*v**2 + 6*v - 5. Let o(c) = 2*p(c) + z(c). Suppose -16*g + 2720 = g. Let x = g - 153. Calculate o(x).
2
Let a(w) = -7. Let s(l) = -5*l + 285. Let f(z) = 25*a(z) + s(z). Determine f(21).
5
Let l be (12/(-16))/3 - 186/24. Let v(i) = 3*i**2 + 24*i - 2. What is v(l)?
-2
Let g be (3*-2)/2 + 2. Let s(m) = 102. Let w(t) = -14. Let y(q) = 6*s(q) + 44*w(q). Let l(c) = -c + 1. Let v(o) = g*y(o) + 2*l(o). Determine v(7).
-8
Suppose 0 = -5*a + 5*v + 30, -2*v + 16 = 4*a - 4*v. Suppose -4*h = -4, -2*w - a*w + 14 = -2*h. Let u(j) = -j**2 + 3*j - 1. Determine u(w).
-5
Let i(c) = -c**3 + 24*c**2 - 16*c + 18. Let h(s) = -6*s**3 + 124*s**2 - 81*s + 92. Let y(q) = -2*h(q) + 11*i(q). Determine y(-17).
-37
Let c be ((-1)/(-4))/(60/(-720)). Let o(d) = d - 4. Give o(c).
-7
Let y = 118 + -176. Let g = y + 60. Let t(i) = 3 - 4*i + 0 + 10*i - 2. Give t(g).
13
Let p(h) = 17*h**2 + 12. Let c = -282 + 289. Let d(o) = -5*o**2 - 5. Let f(a) = c*d(a) + 2*p(a). What is f(0)?
-11
Let d(k) be the second derivative of -3*k**3/2 - 5*k**2 + 669*k. Calculate d(0).
-10
Let i(x) = -x**2 - 6*x + 1. Let t be i(-6). Let d(v) = 15968*v + 57*v**2 - 15966*v - 78*v**2 + 43*v**2 - 1. Give d(t).
23
Let u(f) = -f**3 - 5*f**2 -